{"id":539,"date":"2025-06-03T16:56:05","date_gmt":"2025-06-03T14:56:05","guid":{"rendered":"https:\/\/www.gladjefabriken.se\/?post_type=product&#038;p=539"},"modified":"2026-01-28T10:28:06","modified_gmt":"2026-01-28T09:28:06","slug":"hjartat-raddar-varlden-stor","status":"publish","type":"product","link":"https:\/\/www.gladjefabriken.se\/en\/product\/hjartat-raddar-varlden-stor\/","title":{"rendered":"Hj\u00e4rtat r\u00e4ddar v\u00e4rlden, stor"},"content":{"rendered":"<p>Den h\u00e4r tavlan symboliserar hj\u00e4rtats kraft, en kraft s\u00e5 stark att den kan r\u00e4dda v\u00e4rlden. Det \u00e4r en spricka i tr\u00e4et som slutar precis innan hj\u00e4rtat vilket visar p\u00e5 hur ingen yttre turbulens kan skada ett rent hj\u00e4rta.<br \/>\nM\u00e5tt: 17&#215;17 cm. Tavlan har ett h\u00e4nge bakom. Originalverk, endast ett exemplar.<\/p>\n<p>Maila sandra@gladjefabriken.se f\u00f6r best\u00e4llning d\u00e5 sidan i \u00f6vrigt \u00e4r vilande just nu.<\/p>","protected":false},"excerpt":{"rendered":"<p>Den h\u00e4r tavlan symboliserar hj\u00e4rtats kraft, en kraft s\u00e5 stark att den kan r\u00e4dda v\u00e4rlden. Det \u00e4r en spricka i tr\u00e4et som slutar precis innan hj\u00e4rtat vilket visar p\u00e5 hur ingen yttre turbulens kan skada ett rent hj\u00e4rta.<br \/>\nM\u00e5tt: 17&#215;17 cm. Tavlan har ett h\u00e4nge bakom. Originalverk, endast ett exemplar.<\/p>","protected":false},"featured_media":1061,"comment_status":"open","ping_status":"closed","template":"","meta":[],"product_brand":[],"product_cat":[22],"product_tag":[],"class_list":{"0":"post-539","1":"product","2":"type-product","3":"status-publish","4":"has-post-thumbnail","6":"product_cat-glodkonstverk","8":"first","9":"instock","10":"shipping-taxable","11":"purchasable","12":"product-type-simple"},"yoast_head":"<!-- This site is optimized with the Yoast SEO plugin v27.5 - https:\/\/yoast.com\/product\/yoast-seo-wordpress\/ -->\n<title>Hj\u00e4rtat r\u00e4ddar v\u00e4rlden, stor - Gladjepodden<\/title>\n<meta name=\"robots\" content=\"index, follow, max-snippet:-1, max-image-preview:large, max-video-preview:-1\" \/>\n<link rel=\"canonical\" href=\"https:\/\/www.gladjefabriken.se\/en\/product\/hjartat-raddar-varlden-stor\/\" \/>\n<meta property=\"og:locale\" content=\"en_US\" \/>\n<meta property=\"og:type\" content=\"article\" \/>\n<meta property=\"og:title\" content=\"Hj\u00e4rtat r\u00e4ddar v\u00e4rlden, stor - Gladjepodden\" \/>\n<meta property=\"og:description\" content=\"Den h\u00e4r tavlan symboliserar hj\u00e4rtats kraft, en kraft s\u00e5 stark att den kan r\u00e4dda v\u00e4rlden. Det \u00e4r en spricka i tr\u00e4et som slutar precis innan hj\u00e4rtat vilket visar p\u00e5 hur ingen yttre turbulens kan skada ett rent hj\u00e4rta. M\u00e5tt: 17x17 cm. Tavlan har ett h\u00e4nge bakom. Originalverk, endast ett exemplar.\" \/>\n<meta property=\"og:url\" content=\"https:\/\/www.gladjefabriken.se\/en\/product\/hjartat-raddar-varlden-stor\/\" \/>\n<meta property=\"og:site_name\" content=\"Gladjepodden\" \/>\n<meta property=\"article:modified_time\" content=\"2026-01-28T09:28:06+00:00\" \/>\n<meta property=\"og:image\" content=\"https:\/\/www.gladjefabriken.se\/wp-content\/uploads\/Hjartat-stor-2.jpg\" \/>\n\t<meta property=\"og:image:width\" content=\"912\" \/>\n\t<meta property=\"og:image:height\" content=\"961\" \/>\n\t<meta property=\"og:image:type\" content=\"image\/jpeg\" \/>\n<meta name=\"twitter:card\" content=\"summary_large_image\" \/>\n<meta name=\"twitter:label1\" content=\"Est. reading time\" \/>\n\t<meta name=\"twitter:data1\" content=\"1 minute\" \/>\n<script type=\"application\/ld+json\" class=\"yoast-schema-graph\">{\"@context\":\"https:\\\/\\\/schema.org\",\"@graph\":[{\"@type\":\"WebPage\",\"@id\":\"https:\\\/\\\/www.gladjefabriken.se\\\/produkt\\\/hjartat-raddar-varlden-stor\\\/\",\"url\":\"https:\\\/\\\/www.gladjefabriken.se\\\/produkt\\\/hjartat-raddar-varlden-stor\\\/\",\"name\":\"Hj\u00e4rtat r\u00e4ddar v\u00e4rlden, stor - Gladjepodden\",\"isPartOf\":{\"@id\":\"https:\\\/\\\/www.gladjefabriken.se\\\/#website\"},\"primaryImageOfPage\":{\"@id\":\"https:\\\/\\\/www.gladjefabriken.se\\\/produkt\\\/hjartat-raddar-varlden-stor\\\/#primaryimage\"},\"image\":{\"@id\":\"https:\\\/\\\/www.gladjefabriken.se\\\/produkt\\\/hjartat-raddar-varlden-stor\\\/#primaryimage\"},\"thumbnailUrl\":\"https:\\\/\\\/www.gladjefabriken.se\\\/wp-content\\\/uploads\\\/Hjartat-stor-2.jpg\",\"datePublished\":\"2025-06-03T14:56:05+00:00\",\"dateModified\":\"2026-01-28T09:28:06+00:00\",\"breadcrumb\":{\"@id\":\"https:\\\/\\\/www.gladjefabriken.se\\\/produkt\\\/hjartat-raddar-varlden-stor\\\/#breadcrumb\"},\"inLanguage\":\"en-US\",\"potentialAction\":[{\"@type\":\"ReadAction\",\"target\":[\"https:\\\/\\\/www.gladjefabriken.se\\\/produkt\\\/hjartat-raddar-varlden-stor\\\/\"]}]},{\"@type\":\"ImageObject\",\"inLanguage\":\"en-US\",\"@id\":\"https:\\\/\\\/www.gladjefabriken.se\\\/produkt\\\/hjartat-raddar-varlden-stor\\\/#primaryimage\",\"url\":\"https:\\\/\\\/www.gladjefabriken.se\\\/wp-content\\\/uploads\\\/Hjartat-stor-2.jpg\",\"contentUrl\":\"https:\\\/\\\/www.gladjefabriken.se\\\/wp-content\\\/uploads\\\/Hjartat-stor-2.jpg\",\"width\":912,\"height\":961},{\"@type\":\"BreadcrumbList\",\"@id\":\"https:\\\/\\\/www.gladjefabriken.se\\\/produkt\\\/hjartat-raddar-varlden-stor\\\/#breadcrumb\",\"itemListElement\":[{\"@type\":\"ListItem\",\"position\":1,\"name\":\"Hem\",\"item\":\"https:\\\/\\\/www.gladjefabriken.se\\\/\"},{\"@type\":\"ListItem\",\"position\":2,\"name\":\"Butik\",\"item\":\"https:\\\/\\\/www.gladjefabriken.se\\\/butik\\\/\"},{\"@type\":\"ListItem\",\"position\":3,\"name\":\"Hj\u00e4rtat r\u00e4ddar v\u00e4rlden, stor\"}]},{\"@type\":\"WebSite\",\"@id\":\"https:\\\/\\\/www.gladjefabriken.se\\\/#website\",\"url\":\"https:\\\/\\\/www.gladjefabriken.se\\\/\",\"name\":\"Gladjefabriken\",\"description\":\"H\u00e5ll utkik under april f\u00f6r ny glad uppdatering!\",\"publisher\":{\"@id\":\"https:\\\/\\\/www.gladjefabriken.se\\\/#organization\"},\"potentialAction\":[{\"@type\":\"SearchAction\",\"target\":{\"@type\":\"EntryPoint\",\"urlTemplate\":\"https:\\\/\\\/www.gladjefabriken.se\\\/?s={search_term_string}\"},\"query-input\":{\"@type\":\"PropertyValueSpecification\",\"valueRequired\":true,\"valueName\":\"search_term_string\"}}],\"inLanguage\":\"en-US\"},{\"@type\":\"Organization\",\"@id\":\"https:\\\/\\\/www.gladjefabriken.se\\\/#organization\",\"name\":\"Gladjefabriken\",\"url\":\"https:\\\/\\\/www.gladjefabriken.se\\\/\",\"logo\":{\"@type\":\"ImageObject\",\"inLanguage\":\"en-US\",\"@id\":\"https:\\\/\\\/www.gladjefabriken.se\\\/#\\\/schema\\\/logo\\\/image\\\/\",\"url\":\"https:\\\/\\\/www.gladjefabriken.se\\\/wp-content\\\/uploads\\\/cropped-Gladjefabriken-min.png\",\"contentUrl\":\"https:\\\/\\\/www.gladjefabriken.se\\\/wp-content\\\/uploads\\\/cropped-Gladjefabriken-min.png\",\"width\":1200,\"height\":532,\"caption\":\"Gladjefabriken\"},\"image\":{\"@id\":\"https:\\\/\\\/www.gladjefabriken.se\\\/#\\\/schema\\\/logo\\\/image\\\/\"}}]}<\/script>\n<!-- \/ Yoast SEO plugin. -->","yoast_head_json":{"title":"Hj\u00e4rtat r\u00e4ddar v\u00e4rlden, stor - Gladjepodden","robots":{"index":"index","follow":"follow","max-snippet":"max-snippet:-1","max-image-preview":"max-image-preview:large","max-video-preview":"max-video-preview:-1"},"canonical":"https:\/\/www.gladjefabriken.se\/en\/product\/hjartat-raddar-varlden-stor\/","og_locale":"en_US","og_type":"article","og_title":"Hj\u00e4rtat r\u00e4ddar v\u00e4rlden, stor - Gladjepodden","og_description":"Den h\u00e4r tavlan symboliserar hj\u00e4rtats kraft, en kraft s\u00e5 stark att den kan r\u00e4dda v\u00e4rlden. Det \u00e4r en spricka i tr\u00e4et som slutar precis innan hj\u00e4rtat vilket visar p\u00e5 hur ingen yttre turbulens kan skada ett rent hj\u00e4rta. M\u00e5tt: 17x17 cm. Tavlan har ett h\u00e4nge bakom. Originalverk, endast ett exemplar.","og_url":"https:\/\/www.gladjefabriken.se\/en\/product\/hjartat-raddar-varlden-stor\/","og_site_name":"Gladjepodden","article_modified_time":"2026-01-28T09:28:06+00:00","og_image":[{"width":912,"height":961,"url":"https:\/\/www.gladjefabriken.se\/wp-content\/uploads\/Hjartat-stor-2.jpg","type":"image\/jpeg"}],"twitter_card":"summary_large_image","twitter_misc":{"Est. reading time":"1 minute"},"schema":{"@context":"https:\/\/schema.org","@graph":[{"@type":"WebPage","@id":"https:\/\/www.gladjefabriken.se\/produkt\/hjartat-raddar-varlden-stor\/","url":"https:\/\/www.gladjefabriken.se\/produkt\/hjartat-raddar-varlden-stor\/","name":"Hj\u00e4rtat r\u00e4ddar v\u00e4rlden, stor - Gladjepodden","isPartOf":{"@id":"https:\/\/www.gladjefabriken.se\/#website"},"primaryImageOfPage":{"@id":"https:\/\/www.gladjefabriken.se\/produkt\/hjartat-raddar-varlden-stor\/#primaryimage"},"image":{"@id":"https:\/\/www.gladjefabriken.se\/produkt\/hjartat-raddar-varlden-stor\/#primaryimage"},"thumbnailUrl":"https:\/\/www.gladjefabriken.se\/wp-content\/uploads\/Hjartat-stor-2.jpg","datePublished":"2025-06-03T14:56:05+00:00","dateModified":"2026-01-28T09:28:06+00:00","breadcrumb":{"@id":"https:\/\/www.gladjefabriken.se\/produkt\/hjartat-raddar-varlden-stor\/#breadcrumb"},"inLanguage":"en-US","potentialAction":[{"@type":"ReadAction","target":["https:\/\/www.gladjefabriken.se\/produkt\/hjartat-raddar-varlden-stor\/"]}]},{"@type":"ImageObject","inLanguage":"en-US","@id":"https:\/\/www.gladjefabriken.se\/produkt\/hjartat-raddar-varlden-stor\/#primaryimage","url":"https:\/\/www.gladjefabriken.se\/wp-content\/uploads\/Hjartat-stor-2.jpg","contentUrl":"https:\/\/www.gladjefabriken.se\/wp-content\/uploads\/Hjartat-stor-2.jpg","width":912,"height":961},{"@type":"BreadcrumbList","@id":"https:\/\/www.gladjefabriken.se\/produkt\/hjartat-raddar-varlden-stor\/#breadcrumb","itemListElement":[{"@type":"ListItem","position":1,"name":"Hem","item":"https:\/\/www.gladjefabriken.se\/"},{"@type":"ListItem","position":2,"name":"Butik","item":"https:\/\/www.gladjefabriken.se\/butik\/"},{"@type":"ListItem","position":3,"name":"Hj\u00e4rtat r\u00e4ddar v\u00e4rlden, stor"}]},{"@type":"WebSite","@id":"https:\/\/www.gladjefabriken.se\/#website","url":"https:\/\/www.gladjefabriken.se\/","name":"Gladjefabriken","description":"H\u00e5ll utkik under april f\u00f6r ny glad uppdatering!","publisher":{"@id":"https:\/\/www.gladjefabriken.se\/#organization"},"potentialAction":[{"@type":"SearchAction","target":{"@type":"EntryPoint","urlTemplate":"https:\/\/www.gladjefabriken.se\/?s={search_term_string}"},"query-input":{"@type":"PropertyValueSpecification","valueRequired":true,"valueName":"search_term_string"}}],"inLanguage":"en-US"},{"@type":"Organization","@id":"https:\/\/www.gladjefabriken.se\/#organization","name":"Gladjefabriken","url":"https:\/\/www.gladjefabriken.se\/","logo":{"@type":"ImageObject","inLanguage":"en-US","@id":"https:\/\/www.gladjefabriken.se\/#\/schema\/logo\/image\/","url":"https:\/\/www.gladjefabriken.se\/wp-content\/uploads\/cropped-Gladjefabriken-min.png","contentUrl":"https:\/\/www.gladjefabriken.se\/wp-content\/uploads\/cropped-Gladjefabriken-min.png","width":1200,"height":532,"caption":"Gladjefabriken"},"image":{"@id":"https:\/\/www.gladjefabriken.se\/#\/schema\/logo\/image\/"}}]}},"_links":{"self":[{"href":"https:\/\/www.gladjefabriken.se\/en\/wp-json\/wp\/v2\/product\/539","targetHints":{"allow":["GET"]}}],"collection":[{"href":"https:\/\/www.gladjefabriken.se\/en\/wp-json\/wp\/v2\/product"}],"about":[{"href":"https:\/\/www.gladjefabriken.se\/en\/wp-json\/wp\/v2\/types\/product"}],"replies":[{"embeddable":true,"href":"https:\/\/www.gladjefabriken.se\/en\/wp-json\/wp\/v2\/comments?post=539"}],"wp:featuredmedia":[{"embeddable":true,"href":"https:\/\/www.gladjefabriken.se\/en\/wp-json\/wp\/v2\/media\/1061"}],"wp:attachment":[{"href":"https:\/\/www.gladjefabriken.se\/en\/wp-json\/wp\/v2\/media?parent=539"}],"wp:term":[{"taxonomy":"product_brand","embeddable":true,"href":"https:\/\/www.gladjefabriken.se\/en\/wp-json\/wp\/v2\/product_brand?post=539"},{"taxonomy":"product_cat","embeddable":true,"href":"https:\/\/www.gladjefabriken.se\/en\/wp-json\/wp\/v2\/product_cat?post=539"},{"taxonomy":"product_tag","embeddable":true,"href":"https:\/\/www.gladjefabriken.se\/en\/wp-json\/wp\/v2\/product_tag?post=539"}],"curies":[{"name":"wp","href":"https:\/\/api.w.org\/{rel}","templated":true}]}}

Hjärtat räddar världen, stor

<p>Den här tavlan symboliserar hjärtats kraft, en kraft så stark att den kan rädda världen. Det är en spricka i träet som slutar precis innan hjärtat vilket visar på hur ingen yttre turbulens kan skada ett rent hjärta.<br />
Mått: 17&#215;17 cm. Tavlan har ett hänge bakom. Originalverk, endast ett exemplar.</p>
<p>Maila sandra@gladjefabriken.se för beställning då sidan i övrigt är vilande just nu.</p>

<p>Den här tavlan symboliserar hjärtats kraft, en kraft så stark att den kan rädda världen. Det är en spricka i träet som slutar precis innan hjärtat vilket visar på hur ingen yttre turbulens kan skada ett rent hjärta.<br />
Mått: 17&#215;17 cm. Tavlan har ett hänge bakom. Originalverk, endast ett exemplar.</p>

<!-- This site is optimized with the Yoast SEO plugin v27.5 - https://yoast.com/product/yoast-seo-wordpress/ -->
<title>Hjärtat räddar världen, stor - Gladjepodden</title>
<meta name="robots" content="index, follow, max-snippet:-1, max-image-preview:large, max-video-preview:-1" />
<link rel="canonical" href="https://www.gladjefabriken.se/en/product/hjartat-raddar-varlden-stor/" />
<meta property="og:locale" content="en_US" />
<meta property="og:type" content="article" />
<meta property="og:title" content="Hjärtat räddar världen, stor - Gladjepodden" />
<meta property="og:description" content="Den här tavlan symboliserar hjärtats kraft, en kraft så stark att den kan rädda världen. Det är en spricka i träet som slutar precis innan hjärtat vilket visar på hur ingen yttre turbulens kan skada ett rent hjärta. Mått: 17x17 cm. Tavlan har ett hänge bakom. Originalverk, endast ett exemplar." />
<meta property="og:url" content="https://www.gladjefabriken.se/en/product/hjartat-raddar-varlden-stor/" />
<meta property="og:site_name" content="Gladjepodden" />
<meta property="article:modified_time" content="2026-01-28T09:28:06+00:00" />
<meta property="og:image" content="https://www.gladjefabriken.se/wp-content/uploads/Hjartat-stor-2.jpg" />
	<meta property="og:image:width" content="912" />
	<meta property="og:image:height" content="961" />
	<meta property="og:image:type" content="image/jpeg" />
<meta name="twitter:card" content="summary_large_image" />
<meta name="twitter:label1" content="Est. reading time" />
	<meta name="twitter:data1" content="1 minute" />
<script type="application/ld+json" class="yoast-schema-graph">{"@context":"https:\/\/schema.org","@graph":[{"@type":"WebPage","@id":"https:\/\/www.gladjefabriken.se\/produkt\/hjartat-raddar-varlden-stor\/","url":"https:\/\/www.gladjefabriken.se\/produkt\/hjartat-raddar-varlden-stor\/","name":"Hjärtat räddar världen, stor - Gladjepodden","isPartOf":{"@id":"https:\/\/www.gladjefabriken.se\/#website"},"primaryImageOfPage":{"@id":"https:\/\/www.gladjefabriken.se\/produkt\/hjartat-raddar-varlden-stor\/#primaryimage"},"image":{"@id":"https:\/\/www.gladjefabriken.se\/produkt\/hjartat-raddar-varlden-stor\/#primaryimage"},"thumbnailUrl":"https:\/\/www.gladjefabriken.se\/wp-content\/uploads\/Hjartat-stor-2.jpg","datePublished":"2025-06-03T14:56:05+00:00","dateModified":"2026-01-28T09:28:06+00:00","breadcrumb":{"@id":"https:\/\/www.gladjefabriken.se\/produkt\/hjartat-raddar-varlden-stor\/#breadcrumb"},"inLanguage":"en-US","potentialAction":[{"@type":"ReadAction","target":["https:\/\/www.gladjefabriken.se\/produkt\/hjartat-raddar-varlden-stor\/"]}]},{"@type":"ImageObject","inLanguage":"en-US","@id":"https:\/\/www.gladjefabriken.se\/produkt\/hjartat-raddar-varlden-stor\/#primaryimage","url":"https:\/\/www.gladjefabriken.se\/wp-content\/uploads\/Hjartat-stor-2.jpg","contentUrl":"https:\/\/www.gladjefabriken.se\/wp-content\/uploads\/Hjartat-stor-2.jpg","width":912,"height":961},{"@type":"BreadcrumbList","@id":"https:\/\/www.gladjefabriken.se\/produkt\/hjartat-raddar-varlden-stor\/#breadcrumb","itemListElement":[{"@type":"ListItem","position":1,"name":"Hem","item":"https:\/\/www.gladjefabriken.se\/"},{"@type":"ListItem","position":2,"name":"Butik","item":"https:\/\/www.gladjefabriken.se\/butik\/"},{"@type":"ListItem","position":3,"name":"Hjärtat räddar världen, stor"}]},{"@type":"WebSite","@id":"https:\/\/www.gladjefabriken.se\/#website","url":"https:\/\/www.gladjefabriken.se\/","name":"Gladjefabriken","description":"Håll utkik under april för ny glad uppdatering!","publisher":{"@id":"https:\/\/www.gladjefabriken.se\/#organization"},"potentialAction":[{"@type":"SearchAction","target":{"@type":"EntryPoint","urlTemplate":"https:\/\/www.gladjefabriken.se\/?s={search_term_string}"},"query-input":{"@type":"PropertyValueSpecification","valueRequired":true,"valueName":"search_term_string"}}],"inLanguage":"en-US"},{"@type":"Organization","@id":"https:\/\/www.gladjefabriken.se\/#organization","name":"Gladjefabriken","url":"https:\/\/www.gladjefabriken.se\/","logo":{"@type":"ImageObject","inLanguage":"en-US","@id":"https:\/\/www.gladjefabriken.se\/#\/schema\/logo\/image\/","url":"https:\/\/www.gladjefabriken.se\/wp-content\/uploads\/cropped-Gladjefabriken-min.png","contentUrl":"https:\/\/www.gladjefabriken.se\/wp-content\/uploads\/cropped-Gladjefabriken-min.png","width":1200,"height":532,"caption":"Gladjefabriken"},"image":{"@id":"https:\/\/www.gladjefabriken.se\/#\/schema\/logo\/image\/"}}]}</script>
<!-- / Yoast SEO plugin. -->

Hjärtat räddar världen, stor - Gladjepodden

Den här tavlan symboliserar hjärtats kraft, en kraft så stark att den kan rädda världen. Det är en spricka i träet som slutar precis innan hjärtat vilket visar på hur ingen yttre turbulens kan skada ett rent hjärta. Mått: 17x17 cm. Tavlan har ett hänge bakom. Originalverk, endast ett exemplar.

Håll utkik under april för ny glad uppdatering!
